 326 = 4*m. Suppose -7*d + 10 + m = 0. What is the remainder when 36 is divided by d?
10
Suppose -2*h + 3*i + 125 = 0, 4*h - 271 = -5*i + 4*i. Suppose -320 = 57*n - h*n. What is the remainder when n is divided by 10?
2
Suppose -g + 15 = -l, 0*g = 4*g - 5*l - 58. Let d(w) = -w**3 - w**2 - 2*w + 83. Let t = -23 + 23. What is the remainder when d(t) is divided by g?
15
Suppose 0 = -6*j - j + 21. Suppose -4*z - 5*k = -96, 6*k - 9*k = -j*z + 45. What is the remainder when 88 is divided by z?
12
What is the remainder when 2170 is divided by -2 + (-358)/(-26) + 384/1664?
10
Suppose -3*u - 10 = f, -3*f - 3 + 1 = 2*u. Suppose 12*s - f*s = 30. Let v(k) = k**2 - 14*k + 22. What is the remainder when v(13) is divided by s?
0
Let b(m) = 10*m**2 + 131*m - 667. What is the remainder when b(5) is divided by 116?
6
Let g = 10387 + -10358. Calculate the remainder when 807 is divided by g.
24
Let n(l) = -3*l**2 - l + 20. What is the remainder when 84 is divided by n(0)?
4
Let r(g) = -8*g + 16 - 9*g**2 + 4*g - 7*g + g**3. Let w(a) = 63*a + 73. Let o be w(-1). Calculate the remainder when 22 is divided by r(o).
4
Let p be (-32)/(-56) + 180/28. Suppose 2*q - p*i + 4*i = 295, q - 2*i - 147 = 0. What is the remainder when q is divided by 8?
5
Suppose -1548 = -4*h - b, 35*h = 31*h + 5*b + 1524. What is the remainder when h is divided by 92?
18
Suppose 2*t + 5*l = 10, -3*l - 25 = -19. Suppose -328 = z - 5*z. Suppose -3*v = -2*o - 7*v + z, -v = o - 39. Calculate the remainder when o is divided by t.
7
Suppose -302*w + 298*w - 248 = -x, -5 = -5*w. What is the remainder when x is divided by 7?
0
Calculate the remainder when 1387 is divided by (-2)/(-1) - -6 - (1 + -123 - 7).
17
Suppose 176 = 4*y + 5*s - 184, -3*s - 114 = -2*y. What is the remainder when y is divided by (11 - 9)*(6 - -1)?
5
Suppose -j = j - 178. Suppose -13*v + 450 = -7*v. Suppose -m = -6*m + v. What is the remainder when j is divided by m?
14
Suppose -2*f - 4*i = -1328, 4*i + 12 = 2*i. Calculate the remainder when f is divided by 226.
224
Suppose -3*h + 9 - 23 = 4*c, 2*h + 4*c = -16. Suppose 0 = h*m - 5*v - 85, 4*v + 38 = 66*m - 65*m. What is the remainder when 547 is divided by m?
47
Let y be (-30)/(-12)*808/(-10). Let v = y + 232. Calculate the remainder when v is divided by 22.
8
Let i = 17 + 60. Let z = i - 53. Suppose -20*a = -z*a + 88. What is the remainder when a is divided by 9?
4
Let i = 14348 - 14304. Let l = -19 - -31. What is the remainder when i is divided by l?
8
Suppose -3*v + 272*r + 1189 = 274*r, 5*v - 2*r = 1955. Calculate the remainder when v is divided by 188.
17
Let b(w) = -68*w**3 - 8*w**2 - 5*w - 2. Let k = -523 + 537. Calculate the remainder when b(-1) is divided by k.
7
Let m(o) = -o**3 + 11*o**2 - 16*o + 2. Suppose 3*s - v + 22 = 53, -3*s + 5*v + 47 = 0. What is the remainder when 32 is divided by m(s)?
12
Let z = -9 + 6. What is the remainder when (-64)/(-416) - (-1166)/26 is divided by (z/21 - 1)*-7?
5
Let i = -11266 - -13849. What is the remainder when i is divided by 259?
252
Suppose -o + 127 = -0*o. Let p(h) = h**3 - 12*h**2 - 6*h + 17. Let s be p(12). What is the remainder when o is divided by 6*(-1 - s/15)?
15
Let a be ((-73)/4)/((-1)/8). Let t be (6 - -6)*7 - (-3)/1. Let g = a - t. Calculate the remainder when g is divided by 16.
11
Suppose g = -3*g - 2*c - 8, -2*c - 8 = 0. What is the remainder when 105 is divided by -2*(g + (-220)/8)?
50
Suppose -71*f - 8 = -73*f. Suppose -r - r + 21 = j, 0 = 4*j + f. Calculate the remainder when 239 is divided by r.
8
Suppose -3*b - 8*z - 4166 = -3*z, 0 = 2*b + 2*z + 2780. Calculate the remainder when 75 is divided by (2/6)/((-29)/b).
11
Let y be 120/(-12) + 8 + -1*4. What is the remainder when (-560)/y*18/6 is divided by 15?
10
Let f = 25 + -25. Suppose 5*b - 2*d - 47 = 0, 3*d + f = 12. What is the remainder when 60 is divided by b?
5
Let j(q) = 2*q**2 + 46 - 43 + 0*q**3 - q**3. Let z be j(2). Suppose 2*w = -3*d + 61, -z*d + 46 = 4*w - 13. What is the remainder when 79 is divided by d?
16
Suppose -3*b - 6*m + 2*m = -490, -2*m - 180 = -b. What is the remainder when b is divided by 44 + -6 + 30/6?
41
Let s(t) = -t**3 + 2*t**2 - 8*t - 77. Let h be s(0). Let q = 94 + h. Calculate the remainder when 152 is divided by q.
16
Let s(w) = 209*w**2 - 16*w - 15. Let u be s(-1). Let p = u + -197. What is the remainder when 28 is divided by p?
2
Let w = 10237 + -7809. Calculate the remainder when w is divided by 16.
12
Suppose 17 = 3*r - 7. Let k(j) = -79*j + 7. Calculate the remainder when r is divided by k(0).
1
Let y = 189 - 179. Suppose 5*o = 468 + 1582. What is the remainder when (4 + 0)/(-24) - o/(-12) is divided by y?
4
Suppose 5*b = -10, -11*b + 9*b = -3*j + 916. What is the remainder when 44685 is divided by j?
301
Let x = -60 - -124. Suppose o - x = -o. Calculate the remainder when (-4 + 5 - (-59 + -2)) + 3 + -4 is divided by o.
29
Let c = 684 + -306. What is the remainder when c is divided by 96?
90
Let j = 40 - 119. Let d = 98 + j. What is the remainder when 85 is divided by d?
9
Suppose 0 = 4*o - 8*o + 84. Calculate the remainder when 326 is divided by ((-6)/o)/((-42)/16023).
108
Suppose -s + 2*q = -3, -4*q - 41 = -11*s + 16*s. What is the remainder when 116 is divided by (300/10 - s) + -4 + 1?
20
Suppose -2*w - 2*s = -286, w + w + s = 283. Suppose w = -7*d + 875. Let t = d + -60. Calculate the remainder when t is divided by 13.
6
Suppose -4*k - 4*y - 34 = 54, -3*y - 83 = 4*k. Let f(i) = 2*i**2 + 20*i + 24. Calculate the remainder when f(k) is divided by 53.
50
Suppose -2*b = 2*d + 94, -8*b + 176 = -4*d - 6*b. Suppose 18 = -4*j + 6. Calculate the remainder when 9 is divided by d/10*2/j.
0
Let m be 0*(-2)/12 - -2. What is the remainder when 579 is divided by m*(16/(-72) - 526/(-18))?
57
Let k = 175 + -164. Suppose -31 - 2 = -k*d. What is the remainder when 32 is divided by d?
2
Suppose -4*j - 2*x + 146 = 0, 22 + 42 = j - 5*x. Calculate the remainder when 130 is divided by j.
13
Suppose -1739 - 1083 = -17*a. Calculate the remainder when (1 - (-2 - -2))*a is divided by 56.
54
Let a = 3 - 7. Let f be (-3 + -1)/a*5. Suppose -f*t + 82 + 118 = 0. What is the remainder when 75 is divided by t?
35
Suppose 10*l + 2*d = 5*l + 157, -4*d + 116 = 4*l. Suppose l*r - 754 - 830 = 0. What is the remainder when 429 is divided by r?
45
Suppose -757 = 3*w + 2*l + 310, -l = 2*w + 711. Let a = 493 + w. Calculate the remainder when a is divided by 35.
33
Calculate the remainder when 7/(-14)*-1924 - (-45)/(-15) is divided by 69.
62
Let c = 8 + 9. Let y be (2 - -1)*(-1560)/(-36). Suppose -7*t + 4 = -9*t, 4*a - y = t. What is the remainder when a is divided by c?
15
Suppose u - 66 = -2*u. Suppose -t + 33 = -2*h, -3*t + 5*t - 68 = 2*h. What is the remainder when t is divided by u?
13
Suppose 21*r - 16*r - 3*n - 3592 = 0, 4*r - 4*n = 2872. Calculate the remainder when r is divided by 11.
4
Let y be (-6)/1*18/(-4). Suppose 2*a + y = 5*a. Suppose -8*t = -6*t + 5*x - 18, 2*x - 3*x = 6. What is the remainder when t is divided by a?
6
Suppose -2*b - 188 = -101 - 119. Calculate the remainder when 6476 is divided by b.
12
Let j be (1/3)/((-3)/(-45)). Suppose 8 = -2*m - 2*q, 7 = -3*m + j*m - q. Calculate the remainder when ((-93)/(-9))/(0 + m/3) is divided by 16.
15
Let z(y) = 12*y + 92. Let n be z(25). Let v = -260 + n. Calculate the remainder when v is divided by 29.
16
Suppose 10538*i + 300 = 10539*i. What is the remainder when 607 is divided by i?
7
Let f = -66 + 69. Suppose -149 - 139 = -f*m. Let o = m - 59. Calculate the remainder when 258 is divided by o.
36
Suppose 140*j = 145*j - 6*a - 1471, -4*j = -5*a - 1178. What is the remainder when 1101 is divided by j?
240
Let i(n) = 5*n**2 - 22*n - 1. Let h be i(5). Suppose -434 = h*d - 2814. Calculate the remainder when d is divided by 57.
56
Let w(v) = -2*v**3 - 14*v**2 - 12*v - 87. What is the remainder when w(-15) is divided by 42?
39
Let n be (5 + -6)*(-2 - 3). What is the remainder when 19 is divided by 2 + n + (6/3 - -3)?
7
Let p = 34882 + -34843. Let l(m) = 3*m**3 - 3*m**2 + 3*m - 5. What is the remainder when l(5) is divided by p?
37
Suppose -w = -r - 64, 40*w - 64 = 39*w - 2*r. What is the remainder when 681 is divided by w?
41
Let b(q) = q**3 + 12*q**2 - 9*q - 5. Let k be b(-11). Suppose -k = -15*a - 5. Ca